h + 2*n = 4*h + 18, 60 = -3*h + 3*n. What is s(h)?
6
Let r(i) = 9*i**3 + 2*i + 1. Suppose 0*a - 3*a - 3*q + 24 = 0, -a - 1 = 4*q. Suppose 11 = 2*n - a. Suppose -h = -2*x - n + 4, -4*x = -4*h + 12. Determine r(h).
-10
Let b(c) be the second derivative of 3/2*c**2 - c**3 + 0 + 1/20*c**5 - 1/4*c**4 + 10*c. Give b(4).
-5
Let x(r) be the third derivative of r**4/24 + r**3/6 - 10*r**2. Suppose -1 - 23 = 4*v. Let d be (-4)/((v/(-3))/1). Give x(d).
-1
Let q(h) = -3*h + 3. Let a(l) = l**3 - 5*l**2 - 4*l - 9. Suppose -6*i + 20 = -16. Let z be a(i). What is q(z)?
-6
Let v(u) = -36*u + 25. Let f(l) = -10*l. Let b(j) = -4*f(j) + v(j). Give b(-15).
-35
Let u(i) = 15*i**2 + 8*i + 9. Let s(c) = -8*c**2 - 4*c - 5. Let n(b) = 11*s(b) + 6*u(b). Suppose 0*g = 5*g + 10. Let z(f) = 3*f + 3. Let x be z(g). Give n(x).
5
Suppose -40*i + 44*i + 4 = 0. Let o(x) = -9*x**2 + 1. Calculate o(i).
-8
Let n(p) = 0 - 8 - 9*p + 0 + p**2 + 0*p. Give n(9).
-8
Let r(l) = -l + 19. Let n be (-258)/(-14) + 16/28. What is r(n)?
0
Let m = 401 - 398. Let q(h) be the third derivative of 1/6*h**m + 0*h + h**2 + 0*h**4 - 1/30*h**5 + 0. Calculate q(-1).
-1
Let t(o) = 22*o + 5. Let s(p) = 2*p. Let d(k) = -4*s(k) + t(k). Calculate d(-2).
-23
Let a(s) = -s**3 + 7*s**2 + 9*s + 6. Let x = 253 - 245. What is a(x)?
14
Suppose -5*r + 144 = -h - 7, -4*h = -3*r + 94. Let i = 31 - r. Let f(o) be the third derivative of -o**5/12 + o**4/24 - o**3/6 + o**2. Calculate f(i).
-5
Let x(f) = -33*f + 65. Let v be x(2). Let m(s) = 0*s - 2 - s + 0*s. Determine m(v).
-1
Let s(z) = z**3 - 4*z**2 - 2*z - 1. Let v = -12 + 37. Suppose v + 18 = h. Let i = -38 + h. What is s(i)?
14
Let s(n) = n**3 + 16*n**2 + 45*n - 29. Let g be s(-12). Let k(j) = -4*j + 30. Calculate k(g).
2
Let p = 44 - 16. Suppose 0 = 4*f + p - 52. Let u(g) = -g**2 + 5*g + 2. Give u(f).
-4
Let d(m) = m**3 - 3*m**2 + m + 3. Suppose 16 = 5*w - 2*s, 2*s = -3*w + 23 - 7. Let g be 2 - w - (5 + -8). Suppose 4*b - 13 = -g. What is d(b)?
6
Let z(a) = -a**3 - 8*a**2 + 10*a + 12. Let b be z(-9). Suppose -b*r + 8 + 16 = 0. Let y = 14 - r. Let x(j) = 2*j - 7. Determine x(y).
5
Let c(a) = -a - 2. Let r be c(-4). Let k(z) = 13 - z**r - 10 + 0*z + 7*z - 5. Let h be 12/(-6)*5/(-2). What is k(h)?
8
Let y(b) be the third derivative of -b**5/60 - b**3 - 13*b**2. Let s(a) be the first derivative of y(a). What is s(-7)?
14
Let n(a) be the first derivative of -a**2/2 - 10*a + 101. Calculate n(-14).
4
Let h(b) = -3*b**2 + 3*b - 6*b + 4*b. Let u be 1/((-2)/(3 + -17)). Let i = u + -5. Give h(i).
-10
Let i = -39 + 38. Let w be i - (1 + 3) - -3. Let o(d) = 3*d - 1. What is o(w)?
-7
Let o be (1 + 4)/(-1) + 2. Let r(f) = 0 - 6*f - 1 + 3*f. Let x(v) = v. Let q(l) = -r(l) - 4*x(l). Calculate q(o).
4
Let h(p) = p**3 - 8*p**2 + 14*p - 9. Let n be h(6). Let x(l) be the second derivative of 1/2*l**3 + 0 + 3*l**2 - n*l. Give x(-5).
-9
Let x(p) = -8120*p**2 + 7 + 0*p - p**3 + p + 8118*p**2. Calculate x(0).
7
Let r(w) = -948*w**2 - 18 + 3 - w - w**3 + 948*w**2. Calculate r(0).
-15
Let i(u) = -u**2 - 2*u + 3. Let m(o) = -7*o - 6. Let h(p) = 8*p + 7. Let z(g) = 6*h(g) + 7*m(g). Let y be z(2). Let t be 3 - (y - (-2 + -1)). Give i(t).
-5
Suppose 0*n + n - 2 = 0. Let m(h) = n*h + 7*h**3 - 3*h + h**2 + 6 - 5. Suppose 11*a = 7*a + 4. Determine m(a).
8
Let o(a) be the first derivative of a**4/4 + 28*a**3/3 - 31*a**2/2 - 51*a + 562. Give o(-29).
7
Let g(z) = -z**2 + 2*z. Suppose -5*v + 6 = 3*h, -5*h + 20 = 7*v - 2*v. Let m be (-2 - 1)*(-16)/12. Let l = h - m. What is g(l)?
-3
Let c(j) = j**2 + 14*j + 25. Let i be c(-12). Let m(d) = 3*d + 6. Let o(v) = -6*v - 13. Let y(n) = -13*m(n) - 6*o(n). Determine y(i).
-3
Let h = 20 - 15. Let d(g) = -g**3 + 4*g**2 + 4*g + 4. Let p be d(h). Let b(t) = 10*t**2 + t. What is b(p)?
9
Let j(w) = -3*w - 1. Let x(c) = 10*c - 3. Let g(q) = -2*j(q) - x(q). What is g(3)?
-7
Suppose -2*q - 33 = -5*g - 8, 0 = 5*q - 25. Let u(c) = -c**3 + 8*c**2 - c - 2. Give u(g).
40
Let b(p) = p**3 - p**2 + p + 2. Let g(q) = 12*q + 50. Let t be g(-4). Calculate b(t).
8
Let g(s) = -s**2 - 4*s - 4. Let h be g(-3). Let p(v) = 5*v**2 - v - 1. Let q be p(h). Let o(l) = l + 0*l + 3*l - 3*l + 5 - 2*l. Determine o(q).
0
Let l(q) = q**2 + 7*q + 7. Let r be l(-6). Let s(b) = 4*b - b**2 - 6*b**2 + b**3 - 2*b + r + 3*b**2. Let k be (-2 + 1)*(-3)/1. Calculate s(k).
-2
Let u be 0 + -6*(-6)/12. Let p(o) = -2*o**3 + 3*o**2 + 4*o. What is p(u)?
-15
Let n(i) = -i**2 - 4*i + 2. Suppose -g + 0*r = r - 7, -4*g = -2*r - 10. Suppose -5*k + g*p + 5 = 8*p, -k - 4*p + 17 = 0. What is n(k)?
5
Let y be 18/48 + (-22)/16. Let c be (4/(-10))/(y/(-15)). Let f(u) = u**2 + 5*u - 6. Calculate f(c).
0
Let h(q) = q**2 - 10*q + 12. Let d(b) = b**2 + 6*b + 16. Let x be d(-8). Suppose 2*f - 12 = -5*g + x, -4*f = 2*g - 24. Determine h(g).
-4
Suppose -5*x + q = -37, -2*x + 2*q = 3*q - 12. Let y(i) = -x + 0*i + i - i**2 + 0*i**2 + 6*i. Let u be y(5). Let l(j) = j**3 - 3*j**2 - 2*j + 1. What is l(u)?
-5
Let l = -2206 - -2199. Let k(m) = 7 + 14*m + m**2 + 3 - 7*m. What is k(l)?
10
Let k(h) = -46*h + 373. Let m be k(8). Let b(i) = -i**3 + 6*i**2 - 3*i - 15. Give b(m).
-5
Let y be 7/3 - 4/12. Let d(p) = -6*p**2. Let c(m) = 3*m**2. Let t(i) = 5*c(i) + 3*d(i). Determine t(y).
-12
Let z(i) be the second derivative of -i**5/20 - i**4/2 - i**3/6 + 3*i**2/2 - 3*i. Suppose -5*s - 5 = -20. Suppose 5*j - 20 = 0, -21 = 2*u - s*j + 3. Give z(u).
9
Suppose -504 = 5*r + r. Let l = r - 76. Let p be l/88 - (-4)/(-22). Let f(v) = -v**3 - 3*v**2 - 2*v - 3. Determine f(p).
-3
Let r(p) = 4*p**2 - 7. Suppose -9*k = -6*k - 48. Suppose -5*s + k - 1 = 0. Let n(d) = -9*d**2 + 15. Let v(x) = s*n(x) + 7*r(x). What is v(3)?
5
Let r(n) be the third derivative of 1/6*n**3 - 1/8*n**4 + 16*n**2 + 0*n + 0 - 1/60*n**5. Determine r(2).
-9
Let q be (1 - -3) + -9 + 9 + 1. Let p(a) = -a**3 + 5*a**2 + a - 1. Give p(q).
4
Let u = -5/64 + 37/64. Let k(s) be the first derivative of -u*s**2 - s - 1. Determine k(1).
-2
Let x(j) = j**3 - 3*j**2 - 4*j + 2. Let q be (-2)/(-3) + 2/(-3). Let l = -22 + 12. Let s be (l - -6)*(q + -1). Give x(s).
2
Let u(l) = 5*l + 7. Let d(b) = 8*b + 15. Let r(f) = 3*d(f) - 5*u(f). Calculate r(4).
6
Let p(c) = -9 + 74*c - 21 - 75*c. What is p(-21)?
-9
Let p(x) = x**3 - 5*x**2 + 3*x - 1. Let q = 7 - 11. Let i be (q/(-6))/(10/195). Let s = i - 9. Give p(s).
-5
Let l(i) = -i**3 - 9*i**2 - 9*i - 11. Let s be -1 + 2 - (-1)/((-4)/(-32)). Let k be 5/15 + 15/s + -10. What is l(k)?
-3
Let j(d) = 13*d**3 - 8*d + 11. Let q(w) = 28*w**3 - 17*w + 24. Let l(o) = -13*j(o) + 6*q(o). Determine l(-2).
5
Let k(d) = d**3 + 3*d**2 + d. Suppose -o + 87 = -i, 2*o + 3*i = 123 + 56. Let x = 85 - o. Determine k(x).
-3
Suppose 5*n = -0*o - 5*o + 30, -3*o + 16 = n. Suppose -3*p + p = -o*u - 30, 2*u - 2*p = -12. Let h(x) = x**2 + 7*x + 2. Calculate h(u).
-4
Let h = -7 + 19. Let f be (1 - -1)/(4/h). Let i be (-4)/(-8) + 3/f. Let o(d) = d - 1. Give o(i).
0
Suppose 0 = -194*m + 199*m. Let w(x) be the first derivative of 1/2*x**2 - 1 - 1/3*x**3 - 3*x. What is w(m)?
-3
Let w(b) be the first derivative of -b**4/4 - 10*b**3/3 - 5*b**2 - 12*b - 89. Give w(-9).
-3
Let m = 156 - 148. Let v(g) = g - 8. Give v(m).
0
Let q(y) = y + 1. Let z(o) = -5*o - 9. Let m be -3*(15/9)/5. Let c(n) = m*z(n) - 6*q(n). Calculate c(7).
-4
Let n(m) = 2*m - 7. Let b(k) = k - 3. Let r(x) = 5*b(x) - 2*n(x). Suppose 6*z = 2*z + 32. Let j = z + -13. Give r(j).
-6
Let k(j) = -j - 7. Let q(h) = 4*h + 26. Let r(s) = -3*k(s) - q(s). What is r(7)?
-12
Let z(d) = -1 - 7*d**2 + 13*d**2 + 8*d**2. Let b be 3 - (1/2 - (-4)/(80/30)). Give z(b).
13
Let g = 2 - -2. Let j be g*(-3)/(-4) - 8. Let r(m) = 2*m + 7. Determine r(j).
-3
Suppose 5*b + 0 = 15. Suppose -o - 2*o + 15 = 0, 0 = b*k + 4*o - 26. Let g be (4/k - 0)/(-2). Let p(w) = -12*w + 1. What is p(g)?
13
Let z(j) = -14*j**3 + j**2 - j - 1. Let h(r) be the third derivative of -r**4/12 - 5*r**3/2 - 4*r**2. Let b be h(-7). Calculate z(b).
15
Let c(y) = 2*y + 17. Let h(i) = i + 9. Let u(x) = 6*c(x) - 11*h(x). Suppose 4*l + 0*p = 2*p - 26, p = -3*l - 27. Calculate u(l).
-5
Let p(y) = -2*y**2 + 2*y + 4. Suppose 9*z - 20 - 16 = 0. Suppose k + 23 = z*h + h, 0 = 4*k - 4*h + 28. Give p(k).
-20
Let r be ((-7)/2 + 2)/((-27)/(-72)). Let y(w) = -w**2 - 2*w - 2. Calculate y(r).
